-20))/(t/y) a composite number?
False
Let g(j) = 12*j + 3. Let f be g(3). Let a = -15 + f. Let s = 67 + a. Is s a prime number?
False
Let m be 4*(-18)/(-8) + -1. Suppose 0*a + 7768 = m*a. Is a composite?
False
Suppose 0 = -4*l + 6*t - 2*t - 1488, 3*l = -5*t - 1132. Let d = -259 - l. Is d prime?
False
Suppose -5*w + 270 = -250. Suppose -n + o + w = 0, -5 = -o - 0*o. Is n a composite number?
False
Suppose 7*l + 695437 = 5*f + 3*l, 2*l + 695431 = 5*f. Is f composite?
True
Let x = 98 - -699. Is x prime?
True
Suppose 0*r = -3*r + 111. Let z(p) = -8*p - 2*p**2 + r + 10*p**2 - 32. Is z(-6) a composite number?
True
Let g(a) = -2028*a + 763. Is g(-5) composite?
False
Let q(z) = z**3 + 6*z**2 - 4*z - 5. Let x be q(-7). Let r be (-364 - -2)*13/x. Is r/(((-12)/(-10))/6) a composite number?
True
Let b(t) = 139 + 402 - 2*t + 368 - 276. Is b(0) prime?
False
Suppose j - w = 3*w + 518, -2*j + 4*w + 1044 = 0. Let z = -359 + j. Is z prime?
True
Suppose 2*i + 2*y + 2*y - 652 = 0, 4*i - 4*y = 1364. Suppose 2*k + 226 - 1216 = 2*g, 4*g = -4*k + 1948. Let l = k - i. Is l composite?
True
Let z = -6676 + 12239. Is z a prime number?
True
Let f = 2038 - 1289. Is f composite?
True
Let n(d) = 4*d**2 + 8*d - 9. Let c be n(-12). Let x = -280 + c. Is x a composite number?
False
Suppose -4*d = 5*q - 26407 - 138322, -5*d + 2*q + 205936 = 0. Is d prime?
False
Let a be 29635/10*-1*(-2 + 0). Suppose 0 = -6*u + 979 + a. Is u a composite number?
False
Let s be 400/24 + (-4)/6. Suppose s = 8*q - 4*q. Is q a composite number?
True
Suppose -106 - 19 = -5*l. Suppose l*k - 21*k = 1228. Is k prime?
True
Let g(y) = -299*y + 29. Is g(-10) a composite number?
False
Let g(c) = -2*c**2 + c - 483. Let t be g(0). Let s = 734 - t. Is s prime?
True
Suppose 21*n - 19*n = -6, 4*n + 12239 = a. Is a a prime number?
True
Let n(l) = l - 8. Let z be n(8). Suppose z = -9*w + 4197 + 3480. Is w a composite number?
False
Let m be -3*((-470)/15 - 2). Let q = m + 91. Is q a composite number?
False
Is 3942 + (-8 + 4 + 5)/1 a composite number?
False
Let u(x) = x - 5. Let i be u(8). Is (6 - i)*1437/9 a prime number?
True
Let w = 128 - 11. Let f = w - 55. Let i = -31 + f. Is i composite?
False
Let n be (-39 - -36) + (1 - -74 - -1). Suppose 2*u + n = 2191. Is u prime?
False
Suppose 3*g = 4*g - 4*r - 1035, 3*r + 3123 = 3*g. Is g prime?
False
Let m be (-79)/(-11) - (-2)/(-11). Suppose 2*y - x = 9, m = -y - 3*x + 1. Is (-3)/y*(-37)/1 composite?
False
Let i = 3959 + -1986. Is i composite?
False
Suppose -5311 = -5*l - 2*t, 0 = -3*l + 3*t - 2*t + 3180. Is l composite?
False
Let q = 7306 + -1599. Is q a composite number?
True
Suppose -7*u + 11534 + 10754 = 0. Is 12/20 + u/10 a prime number?
False
Is 7919 + -8 + 0 + -2 prime?
False
Suppose 5*h + 564 + 44 = 2*t, 592 = 2*t - h. Suppose t = -3*s + 2064. Suppose -7*o = -s - 257. Is o prime?
False
Suppose 4*b + 2*q - 3*q - 33476 = 0, 0 = -4*b + 2*q + 33476. Is b composite?
False
Let d be (-450)/(-4)*(-2)/(-3). Let q = d + -223. Let i = q + 899. Is i composite?
False
Suppose -2*b = -3*o, -4*o + o = -6. Suppose -7*z + b*z = -932. Suppose -z = -m + 4*n, 2*n + 243 = 2*m - m. Is m a composite number?
True
Suppose 16 = 8*x - 0. Let g(f) = 1623*f - 5. Is g(x) prime?
False
Let z(g) = -2*g**2 - 10*g + 4. Let p be 26/(-221) + (-83)/17. Let a be z(p). Suppose a*t + t - 1025 = 0. Is t prime?
False
Let l(n) = 32397*n**2 - 5*n - 1. Is l(-1) prime?
True
Let l = 29 - 28. Is (-64448)/(-38) + -2 + -2 + l a prime number?
True
Let i(f) = 46539*f**2 - 27*f - 29. Is i(-1) prime?
False
Let y = 1760 - -3137. Is y a composite number?
True
Suppose -2*t + 2*m + 3799 = 5*m, -3*t + 5700 = 3*m. Is t a prime number?
True
Let v = 652 - 1437. Let n = 838 - v. Is n a composite number?
True
Let t = -1241 - -16590. Is t composite?
False
Let q = 4026 - 2560. Suppose -p = -g + 814, 3*g - 5*g - 2467 = 3*p. Let c = q + p. Is c a prime number?
True
Let l be 8/(-6)*1950/(-4). Suppose 0*n - 4*p = 2*n - 674, 2*n = 4*p + l. Is n composite?
False
Let z(w) = -2*w**3 - 40*w**2 - 44*w - 33. Is z(-23) prime?
True
Let y(v) = -378*v + 8. Is y(-7) composite?
True
Suppose 16 = -3*w + 5*w. Let m(s) = -s**3 + 15*s**2 - 8*s + 9. Let t be m(w). Let g = t + -184. Is g a composite number?
True
Suppose -2*f = -4*o + 35592, 4*f = -0*f + 8. Is o a composite number?
True
Let c = -50 - -50. Suppose c = 3*p - 11*p + 9688. Is p composite?
True
Let a be 2/(-2 + 8820/4405). Let f = -250 + a. Is f prime?
True
Let t(y) = 153*y**2 - 21*y - 37. Is t(-7) prime?
True
Let a be (-3 + -3)/(3/(-2)). Let c(j) = 20*j**2 - 6*j + 5. Let s(o) = 39*o**2 - 12*o + 10. Let f(x) = 13*c(x) - 6*s(x). Is f(a) a prime number?
True
Let z be 8/12 - 14176/(-12). Suppose 0 = 4*f - z + 294. Is f + ((-8)/2)/(-4) a prime number?
True
Suppose 2*t - 8 = -2. Suppose 6 = b - 2*o, -t = 5*b + 4*o - 5. Suppose -z = -4*c - 0*z + 649, -2*z - 320 = -b*c. Is c a prime number?
True
Let u(k) = -6*k**3 + 6*k**2 - 7*k + 5. Suppose -5*n + 20 = -0. Suppose -4*t = -p - n*p - 42, -9 = 4*p + 5*t. Is u(p) a composite number?
False
Let y = -36 - -41. Suppose y*b + 4746 = 11*b. Is b prime?
False
Suppose 0*t + 4*k + 13 = t, -t - 1 = 3*k. Suppose 4415 + 1405 = 5*q + 5*b, -t*q + 5850 = -b. Is q prime?
False
Suppose 3*l + 4*x - 2*x = 9, -l = 2*x + 1. Suppose 4*j = -l*b + 4, 0 = 5*b - 7*b + j + 12. Suppose 0 = -b*r + 2161 + 787. Is r prime?
False
Is (-20156)/10*130/(-52) composite?
False
Let r(l) = -l**2 + 7*l + 5. Let b be r(6). Is ((-11)/b)/((-2)/1246) composite?
True
Suppose -2*l + 0*l - 12 = 0. Let m(b) = 364*b + 7. Let q be m(-7). Is l/8 - q/12 a prime number?
True
Let y(g) = -g - 7. Let q be y(-3). Let s be -449 + (-2 - (q - -2)). Is (-1 - -2)*s*-1 composite?
False
Let c = 127 - 33. Let j be 2/(-10)*c*5. Let x = j - -179. Is x a prime number?
False
Suppose 86 = 3*w - 409. Suppose -4*r + 7*r - w = 0. Is r composite?
True
Suppose 4*x + 12 = x. Let c(s) = 114*s + 11. Let f(y) = -29*y - 3. Let d(b) = 2*c(b) + 9*f(b). Is d(x) composite?
False
Is 6775 - (-64)/(48/(-6)) composite?
True
Let n(f) = -f**3 - 2*f**2 - 7*f - 7. Let w(d) = d**3 + 3*d**2 + 6*d + 8. Let v(o) = 3*n(o) + 4*w(o). Is v(11) a prime number?
False
Let g be (0 - -1) + (21 - -9). Let m = g - -58. Is m prime?
True
Let o(m) = m + 1. Let q be o(-4). Let c = 310 + q. Is c composite?
False
Suppose 3*g + 4*v + 1129 = 0, -3*g - 1117 = v - 0*v. Let c = -64 - g. Is c composite?
False
Let v = 1474 + 1923. Is v a composite number?
True
Suppose 0 = -24*d + 29*d - 655. Is d composite?
False
Let r(s) = s**3 + s - 170. Let a be r(0). Let p be (-1)/(-3) - (-3432)/(-9). Let v = a - p. Is v a prime number?
True
Suppose -4*h - 9442 = -2*a, 4*a - h - 18884 = 2*h. Is a composite?
False
Let j = -6 - -6. Suppose 0*l - 3*l = j. Suppose -3*d + 5*n + 631 = l, n - 667 = -3*d - 3*n. Is d a prime number?
False
Let q be 2300/(-14) - 20/(-70). Let h be 3*(-4)/(48/q). Is h - (4*-4)/(-4) a prime number?
True
Let s be (6 + -2)*((-2)/1)/(-4). Suppose o + 3 = 0, -s*t + 3123 = t - 4*o. Is t prime?
False
Suppose 0*f - 2*f + 476 = 0. Let v(j) = -j**3 - 6*j**2 - 6*j + 6. Let y be v(-3). Is f + y + -2 + 4 a prime number?
False
Suppose -28*v + 25*v + 5199 = 0. Is v a composite number?
False
Suppose 5*o = 2*h - 77, -2*h + o + 0*o = -89. Suppose -3*r + 4*r = h. Is (-5)/((4/r)/(-2)) a prime number?
False
Suppose -656*o + 660*o = 34876. Is o composite?
False
Let d(o) = 81*o - 5. Suppose 9*g + 64 = 13*g. Is d(g) a prime number?
True
Suppose -3*c - 6 = 2*q + 27, 16 = q - 5*c. Let o = 12 + q. Suppose -z = -4*z - o*x + 201, -5*x - 55 = -z. Is z composite?
True
Suppose -4*d + 6 = -6. Is d + 239/2 + (-3)/(-6) a prime number?
False
Let a(n) = 14*n**2 - 9*n - 7. Let z(y) = y**2 + 4*y + 5. Let m be z(-4). Suppose -m*w + 23 = -7. Is a(w) composite?
False
Suppose -3*n = -5*l + 145394, l + 5996 = n + 35076. Is l a prime number?
True
Suppose -6*q + 12*q = 5502. Suppose q = u - 90. Is u composite?
True
Let y be 1 + (-3)/3 - 1. Let l(n) = 258*n**2 - 4*n + 22 - 49 + 24. Is l(y) a prime number?
False
Suppose 4*y - 5*y + 999 = 4*b, -4*b = 3*y - 3021. Is y prime?
False
Let p = 35284 + 1803. Is p a prime number?
True
Let r = 17635 + -792. Is r a prime number?
True
Suppose 0 = 4*r - a - 62581, -4*a = -6*r + 5*r + 15634. Is r composite?
True
Let d(y) = 7*y**3 - 8*y**2 + 3*y - 19. Let t(v) = 20*v**3 -